 = 2*v. What is the remainder when 63 is divided by q?
19
Suppose 34 = -30*s + 32*s. Let k = -99 + 50. Let r = -17 - k. What is the remainder when r is divided by s?
15
Let l be (-396)/(-14) + (-4)/14. Let c = l + -13. What is the remainder when (-4)/24 - (-265)/6 is divided by c?
14
Suppose 4*f = 55 - 7. What is the remainder when f is divided by 4?
0
Let f = -1 - -1. Suppose -4*n - 20 + 60 = f. Suppose 0 = 6*i - 143 - 85. Calculate the remainder when i is divided by n.
8
Let j(k) = -k**2 + 3*k**3 - 6*k**3 - 9*k**3. Calculate the remainder when j(-1) is divided by 6.
5
Suppose -5*j + 20 = -4*t, 5*t = 2*j + 3*t - 8. Suppose -24 = -4*n + 4. What is the remainder when n is divided by j?
3
Let t(o) = -o**3 - 13*o**2 - 14*o - 10. Let r be t(-12). Let p = r - 8. What is the remainder when 10 is divided by p?
4
Suppose 0*k = k - 14. Suppose -120 = -5*s - 5*c, 3*c + 2 = c. What is the remainder when s is divided by k?
11
Let x(h) = 3*h**3 - 3*h**2 + 4*h - 1. Let g(f) = -2*f**3 + 2*f**2 - 2. Suppose -2*d - 2 = -d. What is the remainder when x(3) is divided by g(d)?
21
Suppose 3*a = 7*a - 12, 0 = 3*x + a - 18. Suppose -10 + 60 = x*h. What is the remainder when 37 is divided by h?
7
Let a(d) = -d**3 + 8*d**2 - 6. Let h be a(8). Calculate the remainder when 31*-1*h/6 is divided by 16.
15
Suppose 3*h = 52 + 20. Let p = 23 - 10. What is the remainder when h is divided by p?
11
Suppose -3*u = 9*u - 264. Calculate the remainder when u is divided by 4.
2
Suppose 5*t = 5*l - 0*l + 35, -5*t + 4*l = -32. Suppose s = 2*s - 11. Calculate the remainder when (-2)/(t/(-6)) - -40 is divided by s.
10
Suppose -82 + 12 = -10*i. Suppose 0 = -0*j - j + 18. Calculate the remainder when j is divided by i.
4
Let o(p) = p**3 + 5*p**2 + 3*p + 2. Let v be -4 + 4 + 16/(-4). Calculate the remainder when 28 is divided by o(v).
4
Suppose -5 = -2*c + 3. Suppose 7*v - c*v + 220 = 5*k, 5*v = k - 44. Calculate the remainder when k is divided by 9.
8
Let b(t) = t**2 + 1. Let i be b(-2). Let h = i + -3. Suppose h*d + c - 161 = 0, -3*d + 2*c - c = -234. What is the remainder when d is divided by 27?
25
Suppose 0 = -9*c + 10*c - 10. What is the remainder when 18 is divided by c?
8
Let j = 50 - 14. Suppose -j + 116 = 5*n. Calculate the remainder when n is divided by 9.
7
Let z = 10 - -4. What is the remainder when 26 is divided by z?
12
Let a = 1 - -4. Let j = 37 - 35. What is the remainder when a is divided by j?
1
Suppose -2*w + 6*w = -q + 45, -3*w + 5*q + 5 = 0. What is the remainder when 15 is divided by w?
5
Let f(c) = 3*c**2 - 5*c - 8. Calculate the remainder when f(-3) is divided by 9.
7
Suppose 0 = -q - 5 + 31. Let h(l) = 9*l**2 + 2*l + 2. Calculate the remainder when h(-3) is divided by q.
25
Suppose -3*s + r = -3*r + 15, -5*s + 4*r = 17. Let a(k) = 10*k**3 + k**2 + k. Let u be a(s). Calculate the remainder when 10*(-1 + (-54)/u) is divided by 15.
14
Suppose i - 16 = -5*w + 9, -w - 3*i - 9 = 0. Calculate the remainder when 35 is divided by w.
5
Suppose -b = -5*b + 16. Suppose r - b*r = -87. Calculate the remainder when r is divided by 10.
9
Suppose 5*s + t = 36, -20 = -3*s + 3*t - 2*t. Suppose v = -2*v + 54. Calculate the remainder when v is divided by s.
4
Suppose 0*k - 105 = -3*k. What is the remainder when k is divided by 12?
11
Let p = -4 - -2. Suppose -j + 21 = -0*q + 3*q, -q + 15 = j. Let m = p + j. Calculate the remainder when 29 is divided by m.
9
Let q be 4/(-8) + 10/4. Suppose -m + 5 = -q. What is the remainder when 27 is divided by m?
6
Let r(i) = 5*i**2 - 3. Let d = -20 - -23. What is the remainder when r(d) is divided by 15?
12
Let r = -67 + 105. Calculate the remainder when r is divided by (7 - 2)*(-8)/(-5).
6
Let v(p) = -p**3 - 10*p**2 - 24*p - 4. What is the remainder when 65 is divided by v(-7)?
14
Suppose 2*z - 6 = -z. Let j(m) = m**2 - 8*m + 10. What is the remainder when j(7) is divided by z?
1
Let s = 152 + -141. What is the remainder when 6/(1 + (-4)/6) is divided by s?
7
Suppose o = -3*t + 46, 0*t + 56 = 4*t + 4*o. What is the remainder when t is divided by 9?
7
Suppose 2 = 3*d - 22. What is the remainder when 29 is divided by d?
5
Suppose -2*n + a + 20 = 3*n, -2*n - 3*a + 8 = 0. Suppose -4*i + h + 36 = -h, 5*h + 24 = n*i. What is the remainder when i is divided by 7?
4
Suppose 3*x = 5*f + 17, -x + f = 4*f - 1. Let c = 17 + -10. Suppose 0 = 4*b - 4*s + 12, 2*s = b + c*s - 27. What is the remainder when x is divided by b?
0
Calculate the remainder when 133 is divided by (-10)/3*(-294)/28.
28
Let v(s) = -s**3 + 13*s**2 + 16*s - 18. Calculate the remainder when 47 is divided by v(14).
7
Let c = 23 - 11. Suppose -4*y + 5*k - 29 = 0, -23 = -4*y + 7*y - 5*k. Calculate the remainder when y/21 - 156/(-7) is divided by c.
10
Suppose m - 34 + 9 = 0. What is the remainder when m is divided by 9?
7
Suppose 4*x + 5*q = 34, -5*x - 4*q = -6*q - 26. Calculate the remainder when 22 is divided by x.
4
Let y = 57 - 47. Calculate the remainder when 37 is divided by y.
7
Let r(u) be the third derivative of -u**6/120 - u**5/12 + u**4/6 + 7*u**3/6 - 4*u**2. Calculate the remainder when r(-6) is divided by 10.
9
Let z(n) = 6*n - 19. What is the remainder when z(17) is divided by 17?
15
Suppose -3*k = -s - 617, 4*k - k = -4*s + 607. What is the remainder when k is divided by 16?
13
Suppose -5*f + 12 = -13. Let r = -2 - -6. Suppose 3*u + r*z = 43, -1 = -u + z + z. Calculate the remainder when u is divided by f.
4
Suppose 2*w - 2 = 4. Suppose -84 = -w*s - 0*s. What is the remainder when s is divided by ((-300)/(-90))/(4/18)?
13
Let o be 58 + 3/(-6)*-4. Let j = 826 + o. Calculate the remainder when 4/(-18) - j/(-18) is divided by 13.
10
Let a be 3/(-15) + 84/(-5). Let f = a + 79. What is the remainder when f is divided by 21?
20
Suppose -15 = -5*m - 0. What is the remainder when 4 is divided by m?
1
Let o = 171 + -51. Let y(b) = -b**3 + 5*b**2 - 3*b - 1. What is the remainder when 1/(-3) - o/(-9) is divided by y(2)?
3
Calculate the remainder when 198/2 + 7 + -11 is divided by 30.
5
Let u = -5 - -7. Suppose 0 = s - u*s + t + 145, 3*t - 265 = -2*s. Suppose -6*c = -c - s. Calculate the remainder when c is divided by 10.
8
Suppose -2*a = 3*a - 85. Calculate the remainder when 99 is divided by a.
14
Let s = -19 + 28. Calculate the remainder when 15 is divided by s.
6
Calculate the remainder when 36 is divided by 13 - (-3)/9*0.
10
Let n = -46 + 137. Calculate the remainder when n is divided by 23.
22
Let l(s) = 2*s**2 + 2*s - 9. Calculate the remainder when 3 is divided by l(2).
0
Let q = -102 - -116. Calculate the remainder when 23 is divided by q.
9
Let f(o) = -o**3 + 9*o**2 + 2*o - 13. Let w be f(9). Suppose u = w*u - 72. Calculate the remainder when u is divided by 5.
3
Suppose -6*p + 8*p = 0. What is the remainder when (2 + -1 - p)*53 is divided by 14?
11
Suppose 3*m = 4*p - 13 + 69, 4*p - 4 = -2*m. Calculate the remainder when 22 is divided by m.
10
Let b = 14 - -1. Calculate the remainder when 372 is divided by b.
12
Let b be (1/(-1) - -3) + 21. Let v = b + -14. What is the remainder when v is divided by 6?
3
Suppose -3*v = -2*i - 63, -v - 42 = -4*v - 5*i. Calculate the remainder when v is divided by 4.
3
Let y = -18 + 32. Let f be 2/3 + (-170)/(-6). What is the remainder when f + (0 - 1)*2 is divided by y?
13
Suppose 0 = -0*c - c + 50. Let g = c - 35. Calculate the remainder when 29 is divided by g.
14
Suppose -9 = -5*z + 1. Suppose -x = z*w - 21, 0 = 2*x + 3*w - 16 - 28. Calculate the remainder when x is divided by 7.
4
Let h be 2 + 0/(-3) - -3. Suppose -8*b + 21 = -h*b. What is the remainder when 18 is divided by b?
4
Let g(j) = -j**2 + 4*j + 4. Let o be g(4). Suppose -2 = y - o. Suppose 4*x = y*x + 20. Calculate the remainder when x is divided by 4.
2
Suppose 2*q - 2*o - 36 = 0, 3*q - 5*q + o + 37 = 0. Suppose 0 = 5*t - 26 + 6. Calculate the remainder when q is divided by t.
3
What is the remainder when (-4)/(-1*8/52) is divided by 9?
8
Let r be 534/27 - 2/(-9). Let m = r + -7. What is the remainder when 37 is divided by m?
11
Suppose 0 = 4*f - 7 - 1. Calculate the remainder when 0 + (2 - 0 - -1) is divided by f.
1
Let g(o) = -2 + 1 + 40*o**2 - 10*o**2 + 15*o**2. Calculate the remainder when g(-1) is divided by 23.
21
Let w = 7 - 13. What is the remainder when 1*2*70/4 is divid